Does 86 divide 359198092?
True
Is 26 a factor of 101429275?
False
Does 237 divide 274949625?
True
Is 16 a factor of 679408017?
False
Is 10758686 a multiple of 11?
False
Is 356289572 a multiple of 1983?
False
Is 2296630089 a multiple of 781?
False
Does 389 divide 804675506?
False
Is 3456 a factor of 868699926?
False
Does 644 divide 142640097?
False
Is 572989354 a multiple of 924?
False
Does 761 divide 370395425?
False
Does 66 divide 406212642?
True
Is 65 a factor of 90343218?
False
Is 165 a factor of 12890460?
True
Is 1326 a factor of 13901194?
False
Is 37 a factor of 99634594?
False
Does 24 divide 2101871186?
False
Is 54992522 a multiple of 13?
True
Is 1355609034 a multiple of 351?
True
Does 29 divide 41531190?
True
Is 9 a factor of 20743147?
False
Is 33 a factor of 84657672?
True
Is 356 a factor of 384655379?
False
Is 4 a factor of 9850083?
False
Is 42 a factor of 5572972?
False
Does 145 divide 41607673?
False
Is 9602144 a multiple of 38?
True
Does 134 divide 1459796?
True
Is 127 a factor of 575364864?
True
Is 25095288 a multiple of 543?
True
Does 3446 divide 21134318?
True
Is 1522671920 a multiple of 1540?
True
Does 16 divide 28642225?
False
Is 308859738 a multiple of 22?
True
Is 29417686 a multiple of 9?
False
Is 239287050 a multiple of 265?
True
Does 35 divide 20491944?
False
Does 57 divide 40087310?
False
Is 36714804 a multiple of 14?
True
Is 47762502 a multiple of 194?
False
Does 6 divide 12455712?
True
Is 2735 a factor of 217269063?
False
Is 87 a factor of 7496877?
True
Does 12 divide 117893046?
False
Does 29 divide 298925185?
True
Is 137 a factor of 1552970411?
False
Is 104644000 a multiple of 13?
False
Does 232 divide 11308608?
True
Is 216 a factor of 27666360?
True
Is 25 a factor of 8087423?
False
Does 58 divide 82931938?
True
Does 23 divide 10977277?
False
Is 97 a factor of 127322307?
False
Does 223 divide 9340355?
True
Is 3999419014 a multiple of 2841?
False
Is 7 a factor of 25146959?
False
Does 599 divide 226112317?
True
Does 70 divide 5733903?
False
Is 8578910 a multiple of 26?
False
Is 524215190 a multiple of 146?
True
Is 1005537780 a multiple of 156?
True
Does 10 divide 41053160?
True
Does 292 divide 1276123568?
False
Is 2 a factor of 22109909?
False
Is 366 a factor of 81780138?
True
Is 64 a factor of 5816704?
True
Is 74 a factor of 1778500?
False
Does 40 divide 223359280?
True
Is 137524548 a multiple of 14?
True
Is 8 a factor of 98493930?
False
Is 16 a factor of 401241008?
True
Is 3078 a factor of 106643466?
True
Does 13 divide 1450189?
True
Is 2539065 a multiple of 270?
False
Is 7199 a factor of 2351806708?
False
Is 729533070 a multiple of 333?
True
Is 975426782 a multiple of 432?
False
Does 48 divide 308008416?
True
Does 3629 divide 579743637?
True
Is 1641750 a multiple of 330?
True
Is 13 a factor of 528878585?
False
Is 2442606196 a multiple of 224?
False
Does 279 divide 5347571517?
True
Is 518 a factor of 287585356?
False
Is 86 a factor of 389797057?
False
Is 1726305128 a multiple of 70?
False
Is 1326 a factor of 96081960?
True
Is 42080656 a multiple of 825?
False
Is 22 a factor of 48168113?
False
Does 794 divide 26049519?
False
Is 9 a factor of 17114783?
False
Is 5 a factor of 16865126?
False
Does 938 divide 21400470?
True
Is 191902470 a multiple of 3150?
False
Is 58 a factor of 608714930?
True
Is 12 a factor of 40159531?
False
Is 5 a factor of 112842742?
False
Is 176 a factor of 5058495?
False
Is 1660 a factor of 97050445?
False
Does 2112 divide 61862592?
True
Does 37 divide 12080167?
True
Does 4268 divide 126524860?
True
Is 1937 a factor of 475376684?
False
Is 1912177372 a multiple of 4897?
False
Is 178308141 a multiple of 251?
True
Is 8134927 a multiple of 35?
False
Is 21703256 a multiple of 389?
False
Is 240971276 a multiple of 14?
True
Is 635484585 a multiple of 454?
False
Does 58 divide 5948016?
True
Does 59 divide 70791563?
True
Is 3 a factor of 40154334?
True
Does 14 divide 29215480?
True
Does 1706 divide 801676696?
True
Is 2822226863 a multiple of 22?
False
Is 2765 a factor of 38859310?
True
Is 67993400 a multiple of 232?
True
Is 4657717080 a multiple of 20?
True
Is 142 a factor of 24310116?
True
Does 595 divide 163532916?
False
Is 39979603 a multiple of 103?
False
Is 296684400 a multiple of 600?
True
Is 111 a factor of 230091537?
False
Does 11 divide 1233515261?
True
Is 540 a factor of 53842014?
False
Does 156 divide 20938476?
True
Does 14 divide 18013968?
True
Does 1998 divide 28997477?
False
Is 812 a factor of 4451384?
True
Is 330027808 a multiple of 88?
True
Is 157515875 a multiple of 25?
True
Is 252778964 a multiple of 2204?
True
Does 22 divide 4663639?
False
Does 15 divide 606731698?
False
Is 5 a factor of 39765030?
True
Is 359 a factor of 114477202?
True
Does 243 divide 1646900880?
False
Is 3295977 a multiple of 36?
False
Is 13 a factor of 22416072?
False
Is 560 a factor of 1809920?
True
Does 37 divide 35369786?
False
Is 52120485 a multiple of 95?
False
Is 41273311 a multiple of 2104?
False
Does 36 divide 626779908?
True
Is 8725 a factor of 219721675?
True
Does 51 divide 294815034?
False
Does 9 divide 2500524?
True
Is 8759059 a multiple of 78?
False
Does 239 divide 5873664?
True
Is 2847396470 a multiple of 17?
True
Is 3663543 a multiple of 26?
False
Is 20202147 a multiple of 7?
True
Is 90 a factor of 540296756?
False
Is 11 a factor of 10450903?
False
Does 34 divide 36993332?
False
Does 3 divide 1920437138?
False
Is 1062 a factor of 18251953?
False
Does 3090 divide 1595573796?
False
Is 126987093 a multiple of 601?
True
Is 76 a factor of 94694252?
True
Does 1765 divide 5213810?
True
Is 134 a factor of 28337063?
False
Is 12 a factor of 69637969?
False
Is 3209444 a multiple of 2324?
True
Is 1146675228 a multiple of 17?
True
Is 69 a factor of 83529468?
True
Is 16 a factor of 111404247?
False
Does 357 divide 620466?
True
Is 9 a factor of 866849095?
False
Is 13090104 a multiple of 999?
False
Is 3551853 a multiple of 24?
False
Is 150 a factor of 73961109?
False
Is 2 a factor of 43254980?
True
Does 1242 divide 48628489?
False
Does 1282 divide 49228213?
False
Is 26684494 a multiple of 849?
False
Is 28 a factor of 521032?
False
Is 27875376 a multiple of 18?
True
Does 2430 divide 35283600?
True
Is 386 a factor of 3157026450?
True
Does 3485 divide 2458106415?
True
Does 1061 divide 609440078?
False
Does 151 divide 948921750?
True
Is 295598155 a multiple of 891?
False
Is 75 a factor of 6563175?
True
Is 137077358 a multiple of 34?
True
Is 177 a factor of 40791432?
False
Is 83026044 a multiple of 788?
True
Does 465 divide 1362703210?
False
Is 115 a factor of 160758270?
True
Does 165 divide 8713650?
True
Does 8939 divide 1357778304?
False
Is 7258 a factor of 1681169368?
False
Is 13127422 a multiple of 11?
True
Is 14527809 a multiple of 51?
True
Is 79926105 a multiple of 147?
True
Is 8002002 a multiple of 1938?
True
Is 738 a factor of 18984312?
True
Is 41 a factor of 54515764?
False
Is 32 a factor of 13409152?
True
Is 48352453 a multiple of 7?
False
Is 5524 a factor of 87327048?
False
Is 22 a factor of 205311980?
False
Does 46 divide 17066014?
False
Is 167478943 a multiple of 522?
False
Is 354 a factor of 2591902099?
False
Does 1711 divide 18837747?
False
Does 11 divide 13564001?
True
Is 317 a factor of 841652019?
False
Is 711 a factor of 74378053?
False
Is 53 a factor of 164867365?
True
Is 16262436 a multiple of 383?
False
Is 254 a factor of 89756742?
True
Does 21 divide 50378223?
True
Does 17 divide 9517632?
False
Is 300428265 a multiple of 17?
False
Does 14 divide 77634228?
True
Is 36372264 a multiple of 87?
True
Is 2444 a factor of 186967146?
False
Is 12 a factor of 38852507?
False
Is 334 a factor of 31636814?
True
Is 115440310 a multiple of 274?
True
Is 516 a factor of 3990025728?
True
Does 213 divide 1601334?
True
Does 12715 divide 659166517?
False
Does 25 divide 81236810?
False
Is 447 a factor of 324163953?
True
Does 3052 divide 278195859?
False
Is 44247081 a multiple of 42?
False
Does 424 divide 64957041?
False
Is 521661472 a multiple of 8?
True
Does 93 divide 5796560786?
False
Does 53 divide 351625403?
False
Does 57 divide 60979740?
True
Does 1171 divide 53042787?
True
Does 55 divide 994505820?
True
Is 527 a factor of 239798702?
True
Is 21 a factor of 95191171?
False
Is 55333715 a multiple of 313?
False
Is 241 a